{"id":3421614,"date":"2025-10-21T19:32:17","date_gmt":"2025-10-21T19:32:17","guid":{"rendered":"https:\/\/www.portgruppen.org\/?post_type=event&#038;p=3421614"},"modified":"2026-01-20T12:03:26","modified_gmt":"2026-01-20T12:03:26","slug":"kurs-saker-port-bas-digital-5","status":"publish","type":"event","link":"https:\/\/www.portgruppen.org\/en\/kalender\/kurs-saker-port-bas-digital-5\/","title":{"rendered":"Course: Safe Port Basic \u2013 digital"},"content":{"rendered":"<figure class=\"wp-block-image size-large\"><img loading=\"lazy\" decoding=\"async\" width=\"1024\" height=\"683\" src=\"https:\/\/www.portgruppen.org\/wp-content\/uploads\/2025\/01\/AdobeStock_615263948-1024x683.jpeg\" alt=\"\" class=\"wp-image-3421196\" srcset=\"https:\/\/www.portgruppen.org\/wp-content\/uploads\/2025\/01\/AdobeStock_615263948-1024x683.jpeg 1024w, https:\/\/www.portgruppen.org\/wp-content\/uploads\/2025\/01\/AdobeStock_615263948-300x200.jpeg 300w, https:\/\/www.portgruppen.org\/wp-content\/uploads\/2025\/01\/AdobeStock_615263948-768x512.jpeg 768w, https:\/\/www.portgruppen.org\/wp-content\/uploads\/2025\/01\/AdobeStock_615263948-1536x1024.jpeg 1536w, https:\/\/www.portgruppen.org\/wp-content\/uploads\/2025\/01\/AdobeStock_615263948-2048x1365.jpeg 2048w, https:\/\/www.portgruppen.org\/wp-content\/uploads\/2025\/01\/AdobeStock_615263948-1620x1080.jpeg 1620w\" sizes=\"auto, (max-width: 1024px) 100vw, 1024px\" \/><\/figure>\n\n\n\n<p><strong>Place:&nbsp;<\/strong>Digitally via Teams<\/p>\n\n\n\n<p><strong>Safe Port Bas is a 90-minute digital training course via Teams. The aim is to raise the general level of knowledge within the industry, and to create consensus and common application of rules in the port industry.<\/strong>You will learn about EU legislation as well as Swedish legislation and the responsibilities associated with working with doors, the process for CE marking, and you will gain good insight into safety issues.<\/p>\n\n\n\n<h3 class=\"wp-block-heading\">The goal of the training is that everyone should have received<\/h3>\n\n\n\n<ul class=\"wp-block-list\">\n<li>An overview and introduction to the different regulations<\/li>\n\n\n\n<li>An introduction to the CE marking process<\/li>\n\n\n\n<li>An introduction to the national regulations governing inspection and service<\/li>\n\n\n\n<li>Knowledge of liability issues<\/li>\n<\/ul>\n\n\n\n<p><em>Safe Port Basic, or completing Safe Port 1 in 2024, is a prerequisite for participating in the Safe Port in Practice training, which covers Swetic&#039;s Experience Document.<\/em><\/p>\n\n\n\n<p><strong>Price:<\/strong>&nbsp;SEK 1500 excluding VAT per person. Registration is binding, but it is possible to leave the place to a substitute. The training is held via Teams and a link is sent out the day before the training event.&nbsp;<\/p>\n\n\n\n<p><strong><em>We recommend that you connect to the training via computer.<\/em><\/strong>&nbsp;<\/p>\n\n\n\n<p><strong>Register by February 2nd via&nbsp;<a href=\"mailto:kansliet@portgruppen.org\" target=\"_blank\" rel=\"noreferrer noopener\">office@portgruppen.org<\/a><\/strong><\/p>","protected":false},"template":"","meta":{"footnotes":""},"class_list":["post-3421614","event","type-event","status-publish","hentry"],"acf":[],"yoast_head":"<!-- This site is optimized with the Yoast SEO plugin v26.5 - https:\/\/yoast.com\/wordpress\/plugins\/seo\/ -->\n<title>Kurs: S\u00e4ker Port Bas - digital - Portgruppen<\/title>\n<meta name=\"robots\" content=\"index, follow, max-snippet:-1, max-image-preview:large, max-video-preview:-1\" \/>\n<link rel=\"canonical\" href=\"https:\/\/www.portgruppen.org\/en\/kalender\/kurs-saker-port-bas-digital-5\/\" \/>\n<meta property=\"og:locale\" content=\"en_US\" \/>\n<meta property=\"og:type\" content=\"article\" \/>\n<meta property=\"og:title\" content=\"Kurs: S\u00e4ker Port Bas - digital - Portgruppen\" \/>\n<meta property=\"og:description\" content=\"Plats:&nbsp;Digitalt via Teams S\u00e4ker Port bas \u00e4r en digital utbildning om 90 minuter via Teams. Syftet \u00e4r dels att lyfta den generella kunskapsniv\u00e5n inom branschen, dels att skapa samsyn och gemensam till\u00e4mpning av regler i portbranschen.Du f\u00e5r l\u00e4ra dig om EU-lagstiftningen s\u00e5v\u00e4l som svensk lagstiftning och vilket ansvar som \u00e4r f\u00f6renat med arbetet med portar, [&hellip;]\" \/>\n<meta property=\"og:url\" content=\"https:\/\/www.portgruppen.org\/en\/kalender\/kurs-saker-port-bas-digital-5\/\" \/>\n<meta property=\"og:site_name\" content=\"Portgruppen\" \/>\n<meta property=\"article:modified_time\" content=\"2026-01-20T12:03:26+00:00\" \/>\n<meta property=\"og:image\" content=\"https:\/\/www.portgruppen.org\/wp-content\/uploads\/2025\/01\/AdobeStock_615263948-scaled.jpeg\" \/>\n\t<meta property=\"og:image:width\" content=\"2560\" \/>\n\t<meta property=\"og:image:height\" content=\"1707\" \/>\n\t<meta property=\"og:image:type\" content=\"image\/jpeg\" \/>\n<meta name=\"twitter:card\" content=\"summary_large_image\" \/>\n<meta name=\"twitter:label1\" content=\"Est. reading time\" \/>\n\t<meta name=\"twitter:data1\" content=\"2 minutes\" \/>\n<script type=\"application\/ld+json\" class=\"yoast-schema-graph\">{\"@context\":\"https:\/\/schema.org\",\"@graph\":[{\"@type\":\"WebPage\",\"@id\":\"https:\/\/www.portgruppen.org\/kalender\/kurs-saker-port-bas-digital-5\/\",\"url\":\"https:\/\/www.portgruppen.org\/kalender\/kurs-saker-port-bas-digital-5\/\",\"name\":\"Kurs: S\u00e4ker Port Bas - digital - Portgruppen\",\"isPartOf\":{\"@id\":\"https:\/\/www.portgruppen.org\/#website\"},\"primaryImageOfPage\":{\"@id\":\"https:\/\/www.portgruppen.org\/kalender\/kurs-saker-port-bas-digital-5\/#primaryimage\"},\"image\":{\"@id\":\"https:\/\/www.portgruppen.org\/kalender\/kurs-saker-port-bas-digital-5\/#primaryimage\"},\"thumbnailUrl\":\"https:\/\/www.portgruppen.org\/wp-content\/uploads\/2025\/01\/AdobeStock_615263948-1024x683.jpeg\",\"datePublished\":\"2025-10-21T19:32:17+00:00\",\"dateModified\":\"2026-01-20T12:03:26+00:00\",\"breadcrumb\":{\"@id\":\"https:\/\/www.portgruppen.org\/kalender\/kurs-saker-port-bas-digital-5\/#breadcrumb\"},\"inLanguage\":\"en-US\",\"potentialAction\":[{\"@type\":\"ReadAction\",\"target\":[\"https:\/\/www.portgruppen.org\/kalender\/kurs-saker-port-bas-digital-5\/\"]}]},{\"@type\":\"ImageObject\",\"inLanguage\":\"en-US\",\"@id\":\"https:\/\/www.portgruppen.org\/kalender\/kurs-saker-port-bas-digital-5\/#primaryimage\",\"url\":\"https:\/\/www.portgruppen.org\/wp-content\/uploads\/2025\/01\/AdobeStock_615263948-1024x683.jpeg\",\"contentUrl\":\"https:\/\/www.portgruppen.org\/wp-content\/uploads\/2025\/01\/AdobeStock_615263948-1024x683.jpeg\"},{\"@type\":\"BreadcrumbList\",\"@id\":\"https:\/\/www.portgruppen.org\/kalender\/kurs-saker-port-bas-digital-5\/#breadcrumb\",\"itemListElement\":[{\"@type\":\"ListItem\",\"position\":1,\"name\":\"Home\",\"item\":\"https:\/\/www.portgruppen.org\/\"},{\"@type\":\"ListItem\",\"position\":2,\"name\":\"Evenemang\",\"item\":\"https:\/\/www.portgruppen.org\/evenemang\/\"},{\"@type\":\"ListItem\",\"position\":3,\"name\":\"Kurs: S\u00e4ker Port Bas &#8211; digital\"}]},{\"@type\":\"WebSite\",\"@id\":\"https:\/\/www.portgruppen.org\/#website\",\"url\":\"https:\/\/www.portgruppen.org\/\",\"name\":\"Portgruppen\",\"description\":\"Swedish association of door and shutter suppliers\",\"publisher\":{\"@id\":\"https:\/\/www.portgruppen.org\/#organization\"},\"potentialAction\":[{\"@type\":\"SearchAction\",\"target\":{\"@type\":\"EntryPoint\",\"urlTemplate\":\"https:\/\/www.portgruppen.org\/?s={search_term_string}\"},\"query-input\":{\"@type\":\"PropertyValueSpecification\",\"valueRequired\":true,\"valueName\":\"search_term_string\"}}],\"inLanguage\":\"en-US\"},{\"@type\":\"Organization\",\"@id\":\"https:\/\/www.portgruppen.org\/#organization\",\"name\":\"Portgruppen\",\"url\":\"https:\/\/www.portgruppen.org\/\",\"logo\":{\"@type\":\"ImageObject\",\"inLanguage\":\"en-US\",\"@id\":\"https:\/\/www.portgruppen.org\/#\/schema\/logo\/image\/\",\"url\":\"https:\/\/www.portgruppen.org\/wp-content\/uploads\/2025\/02\/cropped-cropped-cropped-cropped-Portgruppen-50-liggande.png\",\"contentUrl\":\"https:\/\/www.portgruppen.org\/wp-content\/uploads\/2025\/02\/cropped-cropped-cropped-cropped-Portgruppen-50-liggande.png\",\"width\":1742,\"height\":333,\"caption\":\"Portgruppen\"},\"image\":{\"@id\":\"https:\/\/www.portgruppen.org\/#\/schema\/logo\/image\/\"}}]}<\/script>\n<!-- \/ Yoast SEO plugin. -->","yoast_head_json":{"title":"Kurs: S\u00e4ker Port Bas - digital - Portgruppen","robots":{"index":"index","follow":"follow","max-snippet":"max-snippet:-1","max-image-preview":"max-image-preview:large","max-video-preview":"max-video-preview:-1"},"canonical":"https:\/\/www.portgruppen.org\/en\/kalender\/kurs-saker-port-bas-digital-5\/","og_locale":"en_US","og_type":"article","og_title":"Kurs: S\u00e4ker Port Bas - digital - Portgruppen","og_description":"Plats:&nbsp;Digitalt via Teams S\u00e4ker Port bas \u00e4r en digital utbildning om 90 minuter via Teams. Syftet \u00e4r dels att lyfta den generella kunskapsniv\u00e5n inom branschen, dels att skapa samsyn och gemensam till\u00e4mpning av regler i portbranschen.Du f\u00e5r l\u00e4ra dig om EU-lagstiftningen s\u00e5v\u00e4l som svensk lagstiftning och vilket ansvar som \u00e4r f\u00f6renat med arbetet med portar, [&hellip;]","og_url":"https:\/\/www.portgruppen.org\/en\/kalender\/kurs-saker-port-bas-digital-5\/","og_site_name":"Portgruppen","article_modified_time":"2026-01-20T12:03:26+00:00","og_image":[{"width":2560,"height":1707,"url":"https:\/\/www.portgruppen.org\/wp-content\/uploads\/2025\/01\/AdobeStock_615263948-scaled.jpeg","type":"image\/jpeg"}],"twitter_card":"summary_large_image","twitter_misc":{"Est. reading time":"2 minutes"},"schema":{"@context":"https:\/\/schema.org","@graph":[{"@type":"WebPage","@id":"https:\/\/www.portgruppen.org\/kalender\/kurs-saker-port-bas-digital-5\/","url":"https:\/\/www.portgruppen.org\/kalender\/kurs-saker-port-bas-digital-5\/","name":"Kurs: S\u00e4ker Port Bas - digital - Portgruppen","isPartOf":{"@id":"https:\/\/www.portgruppen.org\/#website"},"primaryImageOfPage":{"@id":"https:\/\/www.portgruppen.org\/kalender\/kurs-saker-port-bas-digital-5\/#primaryimage"},"image":{"@id":"https:\/\/www.portgruppen.org\/kalender\/kurs-saker-port-bas-digital-5\/#primaryimage"},"thumbnailUrl":"https:\/\/www.portgruppen.org\/wp-content\/uploads\/2025\/01\/AdobeStock_615263948-1024x683.jpeg","datePublished":"2025-10-21T19:32:17+00:00","dateModified":"2026-01-20T12:03:26+00:00","breadcrumb":{"@id":"https:\/\/www.portgruppen.org\/kalender\/kurs-saker-port-bas-digital-5\/#breadcrumb"},"inLanguage":"en-US","potentialAction":[{"@type":"ReadAction","target":["https:\/\/www.portgruppen.org\/kalender\/kurs-saker-port-bas-digital-5\/"]}]},{"@type":"ImageObject","inLanguage":"en-US","@id":"https:\/\/www.portgruppen.org\/kalender\/kurs-saker-port-bas-digital-5\/#primaryimage","url":"https:\/\/www.portgruppen.org\/wp-content\/uploads\/2025\/01\/AdobeStock_615263948-1024x683.jpeg","contentUrl":"https:\/\/www.portgruppen.org\/wp-content\/uploads\/2025\/01\/AdobeStock_615263948-1024x683.jpeg"},{"@type":"BreadcrumbList","@id":"https:\/\/www.portgruppen.org\/kalender\/kurs-saker-port-bas-digital-5\/#breadcrumb","itemListElement":[{"@type":"ListItem","position":1,"name":"Home","item":"https:\/\/www.portgruppen.org\/"},{"@type":"ListItem","position":2,"name":"Evenemang","item":"https:\/\/www.portgruppen.org\/evenemang\/"},{"@type":"ListItem","position":3,"name":"Kurs: S\u00e4ker Port Bas &#8211; digital"}]},{"@type":"WebSite","@id":"https:\/\/www.portgruppen.org\/#website","url":"https:\/\/www.portgruppen.org\/","name":"The port group","description":"Swedish association of door and shutter suppliers","publisher":{"@id":"https:\/\/www.portgruppen.org\/#organization"},"potentialAction":[{"@type":"SearchAction","target":{"@type":"EntryPoint","urlTemplate":"https:\/\/www.portgruppen.org\/?s={search_term_string}"},"query-input":{"@type":"PropertyValueSpecification","valueRequired":true,"valueName":"search_term_string"}}],"inLanguage":"en-US"},{"@type":"Organization","@id":"https:\/\/www.portgruppen.org\/#organization","name":"The port group","url":"https:\/\/www.portgruppen.org\/","logo":{"@type":"ImageObject","inLanguage":"en-US","@id":"https:\/\/www.portgruppen.org\/#\/schema\/logo\/image\/","url":"https:\/\/www.portgruppen.org\/wp-content\/uploads\/2025\/02\/cropped-cropped-cropped-cropped-Portgruppen-50-liggande.png","contentUrl":"https:\/\/www.portgruppen.org\/wp-content\/uploads\/2025\/02\/cropped-cropped-cropped-cropped-Portgruppen-50-liggande.png","width":1742,"height":333,"caption":"Portgruppen"},"image":{"@id":"https:\/\/www.portgruppen.org\/#\/schema\/logo\/image\/"}}]}},"_links":{"self":[{"href":"https:\/\/www.portgruppen.org\/en\/wp-json\/wp\/v2\/event\/3421614","targetHints":{"allow":["GET"]}}],"collection":[{"href":"https:\/\/www.portgruppen.org\/en\/wp-json\/wp\/v2\/event"}],"about":[{"href":"https:\/\/www.portgruppen.org\/en\/wp-json\/wp\/v2\/types\/event"}],"version-history":[{"count":7,"href":"https:\/\/www.portgruppen.org\/en\/wp-json\/wp\/v2\/event\/3421614\/revisions"}],"predecessor-version":[{"id":3421979,"href":"https:\/\/www.portgruppen.org\/en\/wp-json\/wp\/v2\/event\/3421614\/revisions\/3421979"}],"wp:attachment":[{"href":"https:\/\/www.portgruppen.org\/en\/wp-json\/wp\/v2\/media?parent=3421614"}],"curies":[{"name":"wp","href":"https:\/\/api.w.org\/{rel}","templated":true}]}}

<!-- This site is optimized with the Yoast SEO plugin v26.5 - https://yoast.com/wordpress/plugins/seo/ -->
<title>Kurs: Säker Port Bas - digital - Portgruppen</title>
<meta name="robots" content="index, follow, max-snippet:-1, max-image-preview:large, max-video-preview:-1" />
<link rel="canonical" href="https://www.portgruppen.org/en/kalender/kurs-saker-port-bas-digital-5/" />
<meta property="og:locale" content="en_US" />
<meta property="og:type" content="article" />
<meta property="og:title" content="Kurs: Säker Port Bas - digital - Portgruppen" />
<meta property="og:description" content="Plats:&nbsp;Digitalt via Teams Säker Port bas är en digital utbildning om 90 minuter via Teams. Syftet är dels att lyfta den generella kunskapsnivån inom branschen, dels att skapa samsyn och gemensam tillämpning av regler i portbranschen.Du får lära dig om EU-lagstiftningen såväl som svensk lagstiftning och vilket ansvar som är förenat med arbetet med portar, [&hellip;]" />
<meta property="og:url" content="https://www.portgruppen.org/en/kalender/kurs-saker-port-bas-digital-5/" />
<meta property="og:site_name" content="Portgruppen" />
<meta property="article:modified_time" content="2026-01-20T12:03:26+00:00" />
<meta property="og:image" content="https://www.portgruppen.org/wp-content/uploads/2025/01/AdobeStock_615263948-scaled.jpeg" />
	<meta property="og:image:width" content="2560" />
	<meta property="og:image:height" content="1707" />
	<meta property="og:image:type" content="image/jpeg" />
<meta name="twitter:card" content="summary_large_image" />
<meta name="twitter:label1" content="Est. reading time" />
	<meta name="twitter:data1" content="2 minutes" />
<script type="application/ld+json" class="yoast-schema-graph">{"@context":"https://schema.org","@graph":[{"@type":"WebPage","@id":"https://www.portgruppen.org/kalender/kurs-saker-port-bas-digital-5/","url":"https://www.portgruppen.org/kalender/kurs-saker-port-bas-digital-5/","name":"Kurs: Säker Port Bas - digital - Portgruppen","isPartOf":{"@id":"https://www.portgruppen.org/#website"},"primaryImageOfPage":{"@id":"https://www.portgruppen.org/kalender/kurs-saker-port-bas-digital-5/#primaryimage"},"image":{"@id":"https://www.portgruppen.org/kalender/kurs-saker-port-bas-digital-5/#primaryimage"},"thumbnailUrl":"https://www.portgruppen.org/wp-content/uploads/2025/01/AdobeStock_615263948-1024x683.jpeg","datePublished":"2025-10-21T19:32:17+00:00","dateModified":"2026-01-20T12:03:26+00:00","breadcrumb":{"@id":"https://www.portgruppen.org/kalender/kurs-saker-port-bas-digital-5/#breadcrumb"},"inLanguage":"en-US","potentialAction":[{"@type":"ReadAction","target":["https://www.portgruppen.org/kalender/kurs-saker-port-bas-digital-5/"]}]},{"@type":"ImageObject","inLanguage":"en-US","@id":"https://www.portgruppen.org/kalender/kurs-saker-port-bas-digital-5/#primaryimage","url":"https://www.portgruppen.org/wp-content/uploads/2025/01/AdobeStock_615263948-1024x683.jpeg","contentUrl":"https://www.portgruppen.org/wp-content/uploads/2025/01/AdobeStock_615263948-1024x683.jpeg"},{"@type":"BreadcrumbList","@id":"https://www.portgruppen.org/kalender/kurs-saker-port-bas-digital-5/#breadcrumb","itemListElement":[{"@type":"ListItem","position":1,"name":"Home","item":"https://www.portgruppen.org/"},{"@type":"ListItem","position":2,"name":"Evenemang","item":"https://www.portgruppen.org/evenemang/"},{"@type":"ListItem","position":3,"name":"Kurs: Säker Port Bas &#8211; digital"}]},{"@type":"WebSite","@id":"https://www.portgruppen.org/#website","url":"https://www.portgruppen.org/","name":"Portgruppen","description":"Swedish association of door and shutter suppliers","publisher":{"@id":"https://www.portgruppen.org/#organization"},"potentialAction":[{"@type":"SearchAction","target":{"@type":"EntryPoint","urlTemplate":"https://www.portgruppen.org/?s={search_term_string}"},"query-input":{"@type":"PropertyValueSpecification","valueRequired":true,"valueName":"search_term_string"}}],"inLanguage":"en-US"},{"@type":"Organization","@id":"https://www.portgruppen.org/#organization","name":"Portgruppen","url":"https://www.portgruppen.org/","logo":{"@type":"ImageObject","inLanguage":"en-US","@id":"https://www.portgruppen.org/#/schema/logo/image/","url":"https://www.portgruppen.org/wp-content/uploads/2025/02/cropped-cropped-cropped-cropped-Portgruppen-50-liggande.png","contentUrl":"https://www.portgruppen.org/wp-content/uploads/2025/02/cropped-cropped-cropped-cropped-Portgruppen-50-liggande.png","width":1742,"height":333,"caption":"Portgruppen"},"image":{"@id":"https://www.portgruppen.org/#/schema/logo/image/"}}]}</script>
<!-- / Yoast SEO plugin. -->

Kurs: Säker Port Bas - digital - Portgruppen

Plats:&nbsp;Digitalt via Teams Säker Port bas är en digital utbildning om 90 minuter via Teams. Syftet är dels att lyfta den generella kunskapsnivån inom branschen, dels att skapa samsyn och gemensam tillämpning av regler i portbranschen.Du får lära dig om EU-lagstiftningen såväl som svensk lagstiftning och vilket ansvar som är förenat med arbetet med portar, [&hellip;]

Kurs: Säker Port Bas &#8211; digital
